by 61?
46
Calculate the remainder when 783 is divided by 257.
12
What is the remainder when 78 is divided by 5?
3
Calculate the remainder when 76 is divided by 7.
6
What is the remainder when 248 is divided by 184?
64
Calculate the remainder when 84 is divided by 22.
18
What is the remainder when 200 is divided by 31?
14
Calculate the remainder when 1393 is divided by 18.
7
What is the remainder when 2596 is divided by 10?
6
What is the remainder when 2373 is divided by 1165?
43
Calculate the remainder when 158 is divided by 36.
14
What is the remainder when 271 is divided by 69?
64
Calculate the remainder when 1122 is divided by 25.
22
What is the remainder when 54 is divided by 10?
4
What is the remainder when 107 is divided by 32?
11
Calculate the remainder when 155 is divided by 52.
51
Calculate the remainder when 95 is divided by 49.
46
Calculate the remainder when 343 is divided by 85.
3
Calculate the remainder when 1886 is divided by 186.
26
What is the remainder when 9219 is divided by 87?
84
Calculate the remainder when 2481 is divided by 9.
6
Calculate the remainder when 63 is divided by 4.
3
What is the remainder when 72 is divided by 4?
0
What is the remainder when 350 is divided by 28?
14
What is the remainder when 5714 is divided by 239?
217
What is the remainder when 253 is divided by 66?
55
What is the remainder when 1441 is divided by 76?
73
Calculate the remainder when 9717 is divided by 43.
42
Calculate the remainder when 144 is divided by 82.
62
Calculate the remainder when 519 is divided by 40.
39
Calculate the remainder when 1697 is divided by 90.
77
Calculate the remainder when 202 is divided by 41.
38
Calculate the remainder when 1828 is divided by 69.
34
Calculate the remainder when 961 is divided by 65.
51
Calculate the remainder when 133 is divided by 30.
13
What is the remainder when 85 is divided by 17?
0
What is the remainder when 525 is divided by 32?
13
What is the remainder when 486 is divided by 117?
18
What is the remainder when 247 is divided by 9?
4
What is the remainder when 139 is divided by 38?
25
Calculate the remainder when 113 is divided by 53.
7
Calculate the remainder when 208 is divided by 53.
49
Calculate the remainder when 104 is divided by 5.
4
Calculate the remainder when 235 is divided by 49.
39
Calculate the remainder when 240 is divided by 90.
60
What is the remainder when 364 is divided by 53?
46
Calculate the remainder when 317 is divided by 85.
62
What is the remainder when 70 is divided by 7?
0
What is the remainder when 873 is divided by 132?
81
What is the remainder when 152 is divided by 22?
20
What is the remainder when 272 is divided by 96?
80
What is the remainder when 109 is divided by 5?
4
What is the remainder when 1151 is divided by 35?
31
Calculate the remainder when 17 is divided by 7.
3
What is the remainder when 403 is divided by 311?
92
What is the remainder when 5145 is divided by 26?
23
What is the remainder when 4030 is divided by 290?
260
Calculate the remainder when 213 is divided by 102.
9
Calculate the remainder when 111 is divided by 22.
1
Calculate the remainder when 358 is divided by 73.
66
Calculate the remainder when 1516 is divided by 502.
10
What is the remainder when 51 is divided by 14?
9
What is the remainder when 329 is divided by 11?
10
Calculate the remainder when 575 is divided by 32.
31
What is the remainder when 734 is divided by 9?
5
What is the remainder when 111 is divided by 56?
55
Calculate the remainder when 67 is divided by 9.
4
What is the remainder when 1437 is divided by 76?
69
What is the remainder when 616 is divided by 94?
52
What is the remainder when 174 is divided by 104?
70
What is the remainder when 579 is divided by 9?
3
Calculate the remainder when 57 is divided by 18.
3
What is the remainder when 240 is divided by 81?
78
Calculate the remainder when 38 is divided by 21.
17
Calculate the remainder when 139 is divided by 71.
68
Calculate the remainder when 1306 is divided by 10.
6
Calculate the remainder when 1359 is divided by 44.
39
What is the remainder when 2291 is divided by 6?
5
What is the remainder when 19630 is divided by 24?
22
Calculate the remainder when 305 is divided by 54.
35
What is the remainder when 1117 is divided by 535?
47
Calculate the remainder when 191 is divided by 64.
63
Calculate the remainder when 311 is divided by 149.
13
Calculate the remainder when 676 is divided by 85.
81
Calculate the remainder when 102 is divided by 16.
6
Calculate the remainder when 406 is divided by 26.
16
What is the remainder when 530 is divided by 13?
10
Calculate the remainder when 39220 is divided by 61.
58
Calculate the remainder when 1338 is divided by 82.
26
What is the remainder when 919 is divided by 62?
51
What is the remainder when 5891 is divided by 9?
5
Calculate the remainder when 430 is divided by 87.
82
Calculate the remainder when 225 is divided by 76.
73
Calculate the remainder when 1078 is divided by 1048.
30
What is the remainder when 143 is divided by 79?
64
Calculate the remainder when 803 is divided by 12.
11
What is the remainder when 894 is divided by 23?
20
What is the remainder when 10568 is divided by 378?
362
Calculate the remainder when 4449 is divided by 12.
9
What is the remainder when 141 is divided by 41?
18
What is the remainder when 471 is divided by 274?
197
What is the remainder when 438 is divided by 106?
14
Calculate the remainder when 342 is divided by 171.
0
Calculate the remainder when 72 is divided by 37.
35
Calculate the remainder when 101 is divided by 8.
5
What is the remainder when 205 is divided by 52?
49
Calculate the remainder when 101 is divided by 22.
13
What is the remainder when 644 is divided by 191?
71
What is the remainder when 68 is divided by 55?
13
Calculate the remainder when 169 is divided by 61.
47
Calculate the remainder when 2298 is divided by 191.
6
Calculate the remainder when 149 is divided by 53.
43
Calculate the remainder when 710 is divided by 694.
16
Calculate the remainder when 883 is divided by 23.
9
What is the remainder when 241 is divided by 52?
33
What is the remainder when 844 is divided by 34?
28
Calculate the remainder when 5388 is divided by 52.
32
What is the remainder when 1331 is divided by 8?
3
Calculate the remainder when 3549 is divided by 67.
65
What is the remainder when 1298 is divided by 1291?
7
Calculate the remainder when 10782 is divided by 32.
30
Calculate the remainder when 1613 is divided by 19.
17
Calculate the remainder when 170 is divided by 13.
1
Calculate the remainder when 761 is divided by 15.
11
Calculate the remainder when 772 is divided by 88.
68
Calculate the remainder when 173 is divided by 36.
29
What is the remainder when 400 is divided by 131?
7
Calculate the remainder when 1075 is divided by 14.
11
What is the remainder when 1572 is divided by 175?
172
Calculate the remainder when 375 is divided by 368.
7
Calculate the remainder when 5961 is divided by 22.
21
Calculate the remainder when 2489 is divided by 175.
39
Calculate the remainder when 225 is divided by 29.
22
Calculate the remainder when 41 is divided by 27.
14
Calculate the remainder when 728 is divided by 60.
8
What is the remainder when 139 is divided by 36?
31
What is the remainder when 1215 is divided by 401?
12
What is the remainder when 124 is divided by 53?
18
What is the remainder when 642 is divided by 5?
2
What is the remainder when 105 is divided by 30?
15
Calculate the remainder when 4220 is divided by 351.
8
What is the remainder when 250 is divided by 51?
46
Calculate the remainder when 1118 is divided by 293.
239
What is the remainder when 28809 is divided by 28?
25
Calculate the remainder when 1237 is divided by 62.
59
What is the remainder when 879 is divided by 58?
9
Calculate the remainder when 3819 is divided by 51.
45
Calculate the remainder when 214 is divided by 18.
16
Calculate the remainder when 2658 is divided by 70.
68
What is the remainder when 24945 is divided by 63?
60
Calculate the remainder when 267 is divided by 18.
15
What is the remainder when 96 is divided by 15?
6
What is the remainder when 477 is divided by 117?
9
Calculate the remainder when 429 is divided by 18.
15
Calculate the remainder when 1166 is divided by 